culate u(-9).
1165
Let t(r) = -20*r**3 - 55*r**2 + 843*r + 27. Give t(-8).
3
Let b(t) = -69582*t - 3339937. Calculate b(-48).
-1
Let u(m) = 10653*m + 191758. Calculate u(-18).
4
Let c(n) = n**2 + 11*n - 586. Calculate c(19).
-16
Let d(n) = n**3 + 443*n**2 - 3620*n + 52. Determine d(8).
-44
Let g(n) = -n**3 - 32*n**2 + 172*n - 8108. Give g(-41).
-31
Let r(b) = -1428*b + 563902. Give r(395).
-158
Let z(u) = -83581*u - 2591034. Calculate z(-31).
-23
Let m(h) = 2*h**3 + 17*h**2 - 606*h + 1134. Calculate m(2).
6
Let o(c) = -1727*c - 560020. Calculate o(-324).
-472
Let s(u) = -13*u**2 + 1419*u - 378. Give s(109).
-160
Let j(p) = -2*p**2 - 53443*p + 374085. What is j(7)?
-114
Let r(k) = 8*k**2 - 992*k - 7335. Determine r(-7).
1
Let k(o) = -866*o + 732. Give k(3).
-1866
Let k(i) = -i**3 - 972*i**2 + 15806*i + 31. What is k(16)?
-1
Let a(t) = 89*t - 593. Calculate a(14).
653
Let u(c) = 12589*c + 591680. What is u(-47)?
-3
Let h(u) = 2*u**2 + 824*u - 21902. Determine h(25).
-52
Let x(u) = 4*u**3 - 187*u**2 + 1115*u - 18. Give x(7).
-4
Let h(d) = -668*d + 499. Calculate h(1).
-169
Let a(p) = -1096251*p + 9866260. Calculate a(9).
1
Let f(v) = -3*v**3 + 73*v + 143. Calculate f(7).
-375
Let w(l) = -208*l - 2080. Determine w(-9).
-208
Let r(p) = 709*p - 260186. What is r(367)?
17
Let r(t) = -13*t**3 - 85*t**2 - 51*t - 575. Determine r(-7).
76
Let g(n) = -399*n**2 - 4775*n + 13. Determine g(-12).
-143
Let s(q) = 80*q**3 - 13*q**2 + 110*q - 160. What is s(3)?
2213
Let a(g) = -g**3 + 275*g**2 - 2923*g + 5204. What is a(264)?
188
Let w(p) = -3*p**2 - 1484*p + 18233. Calculate w(12).
-7
Let u(d) = -67*d + 959. Determine u(12).
155
Let l(m) = -m**2 + 93*m - 394. What is l(95)?
-584
Let t(w) = -w**3 + 44*w**2 + 361*w - 18861. Determine t(42).
-171
Let f(x) = -x**3 + 272*x**2 - 260*x - 2967. Calculate f(271).
14
Let l(p) = 2*p**3 + 91*p**2 - 122*p - 3501. Determine l(-46).
-5
Let s(l) = -l**3 + 7*l**2 - 122*l + 498. Calculate s(7).
-356
Let p(t) = -2195*t - 12154. Give p(-5).
-1179
Let s(a) = -a**3 + 197*a**2 - 983*a + 20. Give s(5).
-95
Let a(x) = -166470*x + 832398. What is a(5)?
48
Let j(o) = 10*o**2 - 111*o - 52328. Give j(-67).
-1
Let d(o) = 5949*o + 53824. Determine d(-9).
283
Let f(d) = -1023*d**3 - d**2 + 4*d - 1. Give f(1).
-1021
Let b(q) = -q**2 - 1164*q + 1379978. Calculate b(729).
-19
Let u(a) = -7*a**3 - 629*a**2 + 87*a - 275. Give u(-90).
-5
Let i(s) = 29*s**2 + 226*s + 649. Give i(-3).
232
Let j(h) = -41*h**2 + 572*h - 49. Determine j(16).
-1393
Let k(g) = -3272*g**2 + 16288*g - 20. Calculate k(5).
-380
Let j(x) = -2*x**2 + 472*x + 1505. What is j(238)?
553
Let t(j) = 3791*j - 921213. Give t(243).
0
Let c(i) = i**3 + 548*i**2 - 4989*i - 206. Determine c(9).
10
Let z(s) = s**2 - 492*s - 36198. Give z(-65).
7
Let z(v) = v**2 + 43*v - 688. What is z(18)?
410
Let z(j) = 17346*j + 63. Calculate z(0).
63
Let f(z) = 5760*z - 24098. Determine f(4).
-1058
Let v(o) = -3*o**2 + 104*o + 2606. Determine v(-18).
-238
Let l(k) = 3479*k + 1287196. Determine l(-370).
-34
Let w(z) = 1119*z - 107987. Calculate w(96).
-563
Let d(l) = -2*l**3 - 75*l**2 + 785*l + 128. What is d(-46)?
-10
Let k(w) = -63*w + 5472. Give k(81).
369
Let f(r) = -679*r - 17487. What is f(-26)?
167
Let u(l) = 2825*l - 70642. Give u(25).
-17
Let a(i) = i**3 + 1264*i**2 - 17897*i + 23. Give a(14).
-47
Let h(n) = -749009*n - 20223238. What is h(-27)?
5
Let d(v) = -199*v + 14781. Determine d(72).
453
Let r(m) = -19664*m + 59060. Determine r(3).
68
Let r(z) = -2351*z + 985089. Give r(419).
20
Let p(v) = 3*v**3 + 20*v**2 - 5*v + 1. Give p(-9).
-521
Let z(k) = -44811*k + 223945. Determine z(5).
-110
Let q(b) = 159203*b + 1114453. Give q(-7).
32
Let l(c) = -120256*c - 2886222. Calculate l(-24).
-78
Let g(x) = 8*x**2 - 36298*x + 72585. What is g(2)?
21
Let h(b) = -23*b**2 - 7158*b + 27429. What is h(-315)?
24
Let o(q) = -q**2 + 1660*q - 89994. Determine o(57).
1377
Let h(s) = 16*s**2 + 3107*s + 37710. Give h(-13).
23
Let o(t) = -1076*t + 65612. Calculate o(61).
-24
Let b(d) = -d**2 - 1353*d + 284599. Determine b(185).
69
Let l(w) = 4*w**3 - 124*w**2 - 90*w - 1334. Determine l(32).
-118
Let q(t) = -6034*t + 24177. Determine q(4).
41
Let u(b) = 6*b**2 + 899*b - 1000. Give u(-151).
57
Let h(f) = -8144*f - 50363. Give h(-6).
-1499
Let y(p) = -27930*p + 139630. Determine y(5).
-20
Let k(d) = 3102*d + 362951. Determine k(-117).
17
Let n(r) = r**3 + 164*r**2 - 1340*r - 1. Give n(8).
287
Let p(v) = -22112*v - 2166983. What is p(-98)?
-7
Let f(d) = 86*d**2 - 950*d - 61. Calculate f(11).
-105
Let u(w) = 2*w**2 + 94*w + 1074. What is u(-18)?
30
Let b(z) = z**3 + 15*z**2 - 7*z - 18. Determine b(-4).
186
Let z(w) = -62*w**3 + 7*w**2 - 83*w - 164. Calculate z(-2).
526
Let r(c) = 3067*c + 14034. Calculate r(-4).
1766
Let y(t) = 3*t**3 + 1320*t**2 - 9386*t + 434. Give y(-447).
-13
Let p(g) = -14*g**2 + 1694*g + 45. What is p(121)?
45
Let c(q) = -2*q**3 + 119*q**2 - 79*q - 650. What is c(59)?
-1830
Let k(t) = 32097*t + 5937959. Determine k(-185).
14
Let p(g) = 1244*g**2 + 2437*g - 104. Calculate p(-2).
-2
Let t(s) = -469*s**3 + 18760*s**2 - s + 42. Calculate t(40).
2
Let r(k) = -13*k - 1295. Give r(9).
-1412
Let i(a) = 2*a**3 - 55*a**2 - 306*a + 2807. Determine i(31).
48
Let k(h) = -h**3 - 25*h**2 + 763*h + 5333. Calculate k(-6).
71
Let c(w) = 11591*w - 57956. Calculate c(5).
-1
Let u(m) = -12*m - 124. Calculate u(-14).
44
Let a(b) = -24*b**3 + 8*b**2 - 482*b + 2257. Give a(5).
-2953
Let s(b) = -203*b**3 + 66*b**2 + 10*b + 32. What is s(-2)?
1900
Let h(q) = -3119*q - 180782. What is h(-58)?
120
Let r(m) = 64*m**2 + 231*m + 15. What is r(-3)?
-102
Let v(n) = -111*n + 3656. What is v(37)?
-451
Let o(v) = 106*v + 16926. Give o(-160).
-34
Let k(c) = 3*c**3 - 13*c**2 - 60*c + 13. Determine k(6).
-167
Let z(j) = -9*j**2 - 29069*j - 29069. Determine z(-1).
-9
Let r(t) = 28*t**3 + 50*t - 167. Calculate r(3).
739
Let h(u) = u**2 + 89*u - 541. What is h(9)?
341
Let r(u) = 1083*u + 99278. Determine r(-92).
-358
Let o(h) = -546*h + 11247. Determine o(21).
-219
Let l(m) = -15856*m - 206324. What is l(-13)?
-196
Let r(q) = -10*q**3 - 264*q**2 - 359*q - 225. Give r(-25).
0
Let d(u) = 26*u**3 - 5586*u**2 - 857*u - 647. What is d(215)?
-2
Let w(p) = 2593*p + 107352. Give w(-42).
-1554
Let n(r) = 350*r - 15250. Calculate n(38).
-1950
Let o(z) = 914*z + 75892. What is o(-83)?
30
Let q(i) = -i**2 + 10*i + 21289. Give q(151).
-2
Let g(l) = 2439*l - 23563. What is g(9)?
-1612
Let f(h) = -3*h**2 + 412*h - 5266. Calculate f(123).
23
Let n(p) = 1177*p - 27338. What is n(23)?
-267
Let m(z) = 3332*z - 109676. Determine m(33).
280
Let o(c) = 2*c**3 - 445*c**2 - 733*c + 13557. What is o(224)?
-107
Let k(g) = -179*g + 36183. Determine k(202).
25
Let q(x) = 4*x**3 + 1842*x**2 - 943*x - 9447. Determine q(-461).
234
Let i(m) = m**3 - 28*m**2 + 258*m - 1141. Determine i(6).
-385
Let i(p) = -p**2 - 285*p - 11773. Determine i(-79).
4501
Let a(j) = -48*j**2 - 1166*j + 46. Give a(-24).
382
Let f(l) = -3*l**2 - 502*l + 252. What is f(-168)?
-84
Let l(s) = -3278*s + 32869. Calculate l(10).
89
Let r(y) = 183*y + 65317. Determine r(-357).
-14
Let u(d) = 86*d**3 + 2214*d + 4431. Calculate u(-2).
-685
Let i(n) = -246634*n + 18250919. Calculate i(74).
3
Let p(o) = 2307*o**2 - 27682*o - 27. What is p(12)?
-3
Let z(o) = -o**2 + 4494*o - 217804. Determine z(49).
1
Let o(i) = -2*i**2 + 64*i - 416. Determine o(8).
-32
Let a(u) = -17023*u + 204473. Determine a(12).
197
Let a(q) = 765*q + 5520. Calculate a(-7).
165
Let s(b) = b**2 + 1260*b + 44119. What is s(-36)?
55
Let q(t) = -t**2 - 162*t - 5944. Determine q(-104).
88
Let t(z) = z**3 - 2657*z**2 + 571363*z - 1647. What is t(236)?
5
Let b(g) = -g**2 + 661*g - 61503. What is b(112)?
-15
Let m(r) = 2*r**2 + 2229*r + 66837. Give m(-31).
-340
Let g(l) = -2997*l + 77535. Give g(26).
-387
Let k(g) = 2*g**2 - 819*g + 11468. Calculate k(395).
13
Let u(n) = -3*n**2 + 91*n - 427. Determine u(31).
-489
Let d(k) = -2*k**2 + 233*k - 1988. What is d(9)?
-53
Let c(z) = -6937*z + 6690. Give c(1).
-247
Let k(u) = 2*u**2 + 7545*u + 342844. Determine k(-46).
6
Let r(a) = -a**2 - 4461*a + 284915. Give r(63).
-97
Let m(r) = 7*r**2 - 703*r - 735. Calculate m(100).
-1035
Let l(d) = 259*d**2 + 12*d + 30. Give l(-3).
2325
Let q(g) = -18243*g